9, 43, 167
What are the prime factors of 615665627?
331, 1860017
What are the prime factors of 1715019006?
2, 3, 285836501
What are the prime factors of 1049368109?
227, 4622767
What are the prime factors of 98579?
13, 7583
What are the prime factors of 1621342135?
5, 7, 945389
List the prime factors of 25957243.
13, 1996711
What are the prime factors of 6640582?
2, 13, 53, 61, 79
List the prime factors of 38728476.
2, 3, 358597
List the prime factors of 40365226.
2, 11, 1834783
What are the prime factors of 2432112581?
2087, 1165363
List the prime factors of 50721959.
107, 474037
What are the prime factors of 1187281421?
1187281421
List the prime factors of 57659338.
2, 11, 19, 137941
List the prime factors of 4038998202.
2, 3, 1153, 64871
What are the prime factors of 6261700756?
2, 4003, 391063
List the prime factors of 605685692.
2, 8669, 17467
What are the prime factors of 601752483?
3, 1621, 4583
List the prime factors of 418705669.
139, 3012271
What are the prime factors of 195219622?
2, 13, 37, 202931
List the prime factors of 996267986.
2, 7, 1129, 63031
What are the prime factors of 2442877005?
3, 5, 59, 2760313
What are the prime factors of 1427236523?
53, 26928991
What are the prime factors of 319115332?
2, 53, 1505261
List the prime factors of 27187960.
2, 5, 679699
What are the prime factors of 1262516666?
2, 631258333
What are the prime factors of 18737793?
3, 89, 149, 157
List the prime factors of 66061776.
2, 3, 11, 125117
List the prime factors of 113649200.
2, 5, 7, 37, 1097
List the prime factors of 104843239.
104843239
List the prime factors of 28387279.
28387279
What are the prime factors of 28537741?
28537741
List the prime factors of 166579282.
2, 83289641
What are the prime factors of 80047340?
2, 5, 563, 7109
What are the prime factors of 88135883?
11, 31, 131, 1973
List the prime factors of 158803991.
158803991
List the prime factors of 17570382.
2, 3, 2928397
What are the prime factors of 132245938?
2, 11, 31, 211, 919
What are the prime factors of 537495201?
3, 191, 312679
What are the prime factors of 297522500?
2, 5, 11, 31, 349
What are the prime factors of 831424145?
5, 347, 1381
What are the prime factors of 741083408?
2, 13, 3562901
What are the prime factors of 1133925009?
3, 7, 661, 81689
List the prime factors of 939891456.
2, 3, 7, 101, 577
List the prime factors of 47553395.
5, 9510679
What are the prime factors of 719929463?
11, 23, 2845571
What are the prime factors of 23312566?
2, 71, 164173
What are the prime factors of 118193383?
7, 11, 1534979
What are the prime factors of 32664071?
11, 23, 97
What are the prime factors of 1976821338?
2, 3, 329470223
List the prime factors of 765734651.
11, 103, 419, 1613
List the prime factors of 94852526.
2, 47426263
What are the prime factors of 2977610124?
2, 3, 107, 21673
List the prime factors of 190685788.
2, 29, 1643843
List the prime factors of 3700025118.
2, 3, 107, 557, 3449
List the prime factors of 2743187568.
2, 3, 11, 53, 61, 1607
What are the prime factors of 4495322?
2, 13, 41, 4217
What are the prime factors of 291350404?
2, 72837601
List the prime factors of 90248696.
2, 29, 389003
What are the prime factors of 675711734?
2, 41, 53, 181, 859
What are the prime factors of 131313108?
2, 3, 197, 55547
What are the prime factors of 1345818447?
3, 17, 8796199
What are the prime factors of 475648877?
11, 337, 128311
List the prime factors of 659448301.
43, 15336007
List the prime factors of 31837146.
2, 3, 11, 97, 4973
List the prime factors of 89674149.
3, 73, 409471
List the prime factors of 139112982.
2, 3, 2677, 2887
List the prime factors of 101735412.
2, 3, 17, 149, 3347
What are the prime factors of 98151969?
3, 3191, 10253
What are the prime factors of 993219365?
5, 1063, 186871
List the prime factors of 48576725.
5, 1943069
List the prime factors of 541742.
2, 23, 11777
List the prime factors of 43736235.
3, 5, 283, 10303
What are the prime factors of 83740533?
3, 149, 187339
List the prime factors of 1448066496.
2, 3, 7542013
List the prime factors of 2826017144.
2, 353252143
What are the prime factors of 1034880019?
1034880019
List the prime factors of 1383143375.
5, 17, 43, 15137
List the prime factors of 1985491680.
2, 3, 5, 109, 137, 277
List the prime factors of 17035902.
2, 3, 13, 47, 1549
List the prime factors of 3086794.
2, 31, 49787
What are the prime factors of 3150648337?
47, 1667, 40213
What are the prime factors of 1187350608?
2, 3, 71, 348401
List the prime factors of 311443040.
2, 5, 89, 21871
List the prime factors of 85760809.
85760809
What are the prime factors of 1363409521?
71, 3037, 6323
List the prime factors of 90617160.
2, 3, 5, 755143
List the prime factors of 5815439.
7, 830777
What are the prime factors of 958394858?
2, 83, 101, 57163
List the prime factors of 3926041137.
3, 145408931
What are the prime factors of 45587425?
5, 13, 140269
List the prime factors of 1006986701.
7, 4219, 4871
List the prime factors of 135953446.
2, 193, 569, 619
What are the prime factors of 71849882?
2, 13, 2763457
What are the prime factors of 82509803?
701, 117703
List the prime factors of 673385560.
2, 5, 157, 107227
List the prime factors of 3560755672.
2, 17, 23, 733, 1553
List the prime factors of 734495704.
2, 2113, 43451
What are the prime factors of 198732362?
2, 19, 5229799
What are the prime factors of 4145423678?
2, 11, 188428349
What are the prime factors of 245429080?
2, 5, 13, 19, 24841
List the prime factors of 3419208149.
7, 16223, 30109
What are the prime factors of 72942227?
193, 457, 827
List the prime factors of 52678215.
3, 5, 390209
List the prime factors of 65456469.
3, 13, 31, 18047
What are the prime factors of 4414618?
2, 13, 37, 353
List the prime factors of 32384255.
5, 6476851
What are the prime factors of 867717997?
867717997
List the prime factors of 4958196617.
11, 5807, 77621
What are the prime factors of 1413768728?
2, 176721091
List the prime factors of 321938139.
3, 103, 379, 2749
List the prime factors of 155198612.
2, 19, 41, 49807
List the prime factors of 86006721.
3, 29, 988583
What are the prime factors of 4728410525?
5, 189136421
List the prime factors of 152276656.
2, 7, 317, 4289
List the prime factors of 763939954.
2, 19, 79, 397, 641
List the prime factors of 914070673.
89, 97, 113, 937
What are the prime factors of 6048572?
2, 53, 103, 277
What are the prime factors of 629875867?
7187, 87641
List the prime factors of 48440715.
3, 5, 3229381
What are the prime factors of 110022837?
3, 36674279
What are the prime factors of 92405764?
2, 11, 190921
List the prime factors of 13212649.
23, 157, 3659
List the prime factors of 1738664799.
3, 317, 1828249
List the prime factors of 3560167.
13, 173, 1583
List the prime factors of 84972414.
2, 3, 14162069
List the prime factors of 8465429995.
5, 11, 43, 179, 19997
List the prime factors of 25888959.
3, 2876551
What are the prime factors of 56113768?
2, 331, 21191
List the prime factors of 1653604851.
3, 37, 14897341
What are the prime factors of 6689687175?
3, 5, 29731943
What are the prime factors of 91142626?
2, 45571313
List the prime factors of 350437425.
3, 5, 13, 19, 18917
What are the prime factors of 275675531?
61, 4519271
What are the prime factors of 6344782384?
2, 396548899
What are the prime factors of 334242052?
2, 29, 2881397
List the prime factors of 367372413.
3, 31, 139, 9473
List the prime factors of 142047565.
5, 11, 631, 4093
List the prime factors of 44731747.
109, 410383
List the prime factors of 393185657.
393185657
List the prime factors of 247074684.
2, 3, 101, 203857
List the prime factors of 94931079.
3, 31643693
List the prime factors of 324221252.
2, 81055313
List the prime factors of 303502415.
5, 60700483
What are the prime factors of 431600961?
3, 11, 89, 146953
List the prime factors of 543202667.
7, 77600381
List the prime factors of 86915031.
3, 7, 727, 5693
What are the prime factors of 26178201?
3, 7, 47, 421
List the prime factors of 380427163.
53, 73, 98327
What are the prime factors of 190564169?
17, 11209657
List the prime factors of 46860953.
109, 429917
What are the prime factors of 11510511?
3, 23, 7253
List the prime factors of 431861275.
5, 17274451
List the prime factors of 12062148.
2, 3, 7, 37